igit of 2/4 + 214/s?
4
Let s(h) = 2*h + 24. Let b be s(-8). Suppose -a = -30 - b. What is the units digit of a?
8
Let k(z) = z**2 - 7*z + 4. Let i be k(4). What is the units digit of (-82)/(-7) + i/(-28)?
2
Let d = -25 + 51. Suppose n + d = 3*n. What is the units digit of n?
3
Let j be (8/(-6))/((-1038)/1035 + 1). Suppose -218 = -3*g + j. What is the hundreds digit of g?
2
Let p(y) = -37*y + 6. Let a be p(-3). Suppose -a - 57 = -3*s. Suppose -2*r - j = -128 + 8, -r = j - s. What is the units digit of r?
2
Let s be (-21)/(-4) - (-2)/(-8). Suppose l = s*l + 20. Let r = 2 - l. What is the units digit of r?
7
Let h = -3 + 4. Let z = 5 + -3. Suppose -z*w = -5 + h, -2*w + 68 = 4*c. What is the tens digit of c?
1
Let d be 24016/44 + 2/11. Suppose 6*y = 1392 + d. What is the tens digit of y?
2
Suppose 2*x + 64 = 6*x. Let c = 41 - x. Suppose 3*n + 2*n = c. What is the units digit of n?
5
Suppose 22*q - 40042 = 24550. What is the thousands digit of q?
2
Let u(z) = z**2 - 12*z + 30. Suppose 15 - 59 = -4*x. What is the tens digit of u(x)?
1
Suppose -4*w - 5*a + 475 = 0, 2*w + 2*a - 282 = -44. What is the tens digit of w?
2
Let n(y) = -8*y + 37. Let g be n(4). Suppose g*o + 3*i = 92, o + 2*i = 14 + 10. What is the units digit of o?
6
Let v(w) = w**3 + 23*w**2 + 97*w - 22. What is the units digit of v(-16)?
8
What is the hundreds digit of (0 - -98)*(-44)/(-14)?
3
Let t(a) be the third derivative of -a**6/24 - a**5/10 - a**4/12 + a**3/3 + 10*a**2. What is the tens digit of t(-4)?
3
What is the tens digit of 9/(-27)*339*(0 - 1)?
1
Let u be 6/(-4)*90/(-27). Suppose 58 = u*g + 3*t, -g + 9 + 13 = -2*t. What is the units digit of ((-7)/g)/(2/(-36))?
9
Let j be (2 + -6)/(-8)*0. Suppose f + j = -15. What is the tens digit of 228/10 - 3/f?
2
Let f(s) = s**3 - 12*s**2 - 17*s - 17. What is the tens digit of f(15)?
0
Suppose 3*g - 287 = -206. What is the units digit of g?
7
Let x = -178 - -285. Let b = 97 + -61. Suppose 5*d = 4*o - 35 - x, d + b = o. What is the tens digit of o?
3
Let p be (30/9 + -3)*(2 - 2). What is the units digit of 49 - (p*2/(-8) + 0)?
9
Suppose 2*l - 266 = -4*c, -4*l = -4*c + 246 - 742. Let v = -88 + l. What is the tens digit of v?
3
Suppose -36 = -4*r - 2*k, r + 3*r = k + 42. Suppose -13*a + 156 = -r*a. What is the tens digit of a?
5
Suppose 0*j + 3338 = 5*w + 3*j, 2*w = -4*j + 1324. What is the tens digit of w?
7
Let x(m) = 14*m - 1 + 3 - 3. Suppose 19 = 2*u + 3*t, 3*u - 24 = 3*t - 6*t. What is the tens digit of x(u)?
6
Let w be 3/(-1 + 7)*452. Suppose -2*s = s - 2*z - w, -5*s = -z - 386. Suppose -2*b + s = 4*k, 4*b = k + k - 54. What is the units digit of k?
1
Let z be (-4)/(-5)*(-6)/12*20. What is the units digit of z*1*-1*(-165)/(-10)?
2
Suppose 28*t = 32*t - 88. Suppose 2 = 3*o - t. Let a = o + 31. What is the units digit of a?
9
Suppose x = -2*d + 454, -2*d - 2 - 6 = 0. Suppose -9*z + x = -7*z. What is the units digit of z?
1
Let a(j) = 7*j**3 - 17*j**2 + 13*j - 11. Let b(g) = -3*g**3 + 8*g**2 - 7*g + 5. Let t(y) = -2*a(y) - 5*b(y). Let z = 11 + -5. What is the units digit of t(z)?
1
What is the tens digit of (11907/18)/(-7)*8/(-6)?
2
Suppose 8*d = 56*d - 16752. What is the tens digit of d?
4
Suppose 2*p - 5*u - 48 + 15 = 0, -5*p = -5*u - 45. Suppose -m - p*m + 175 = 0. What is the tens digit of m?
3
Suppose h - 1968 = 2*f + 2*f, -9916 = -5*h + f. What is the units digit of h?
4
Suppose 0 = -5*h - 449 + 104. Let t be 3/(-5) - h/15. Let x(a) = a**2 + 1. What is the units digit of x(t)?
7
Suppose 0 = 4*i, -5*x + 20 = -8*i + 3*i. Suppose 5*n - 85 = 200. Suppose 0 = -x*p - o + n, -p + 3*o + 2*o - 12 = 0. What is the units digit of p?
3
Suppose 51 = -3*n - 2*p - p, 3*n = -5*p - 49. Let k be 81/2*(-12)/n. Suppose 3*u = -0*u + k. What is the units digit of u?
9
Let s = 34 + -29. Let k be 287/s - (-15)/25. Suppose -9*p + k = -8*p. What is the tens digit of p?
5
Let a = 450 + 438. What is the hundreds digit of a?
8
Suppose 23126 = 16*s - 25082. What is the units digit of s?
3
Let z be 333/45 - (-4)/(-10). Suppose 2*r = -3*a + 4, r - 3 + 1 = 4*a. Let w = a + z. What is the units digit of w?
7
Let w = -438 - -541. What is the hundreds digit of w?
1
Let y = -6203 - -9861. What is the thousands digit of y?
3
Suppose 3 = 2*n - 3. Let f be 41 - n/(6/4). Suppose 4*h + 2*s - f = 39, 4*h - 83 = -s. What is the tens digit of h?
2
Suppose 2*l + 4*h = -0*l - 12, l + h = -3. Suppose l*m + 12 = m. What is the units digit of m?
2
Let q(i) = -329*i + 35. What is the hundreds digit of q(-1)?
3
Suppose -4*y + 47 = -1153. Suppose -108 = 4*r - y. What is the tens digit of r?
4
Let y(h) = h**2 - 11*h - 30. Let b be y(13). What is the units digit of (6/b)/(39/(-1118))?
3
Let k(z) = 18*z - z**3 - 6*z**2 - z - 3 - 8*z. What is the units digit of k(-8)?
3
Suppose 0 = -0*d - 3*d - 6. What is the tens digit of (-2*1)/(d/(-324)*-4)?
8
Suppose -2*i + 2*r + 3*r = -13, -3*i + 23 = -4*r. What is the units digit of i?
9
Let a = 120 + -232. What is the tens digit of (-16)/(-8) - (a - 1)?
1
What is the hundreds digit of -148*(-8 - -3 - 21/(-7))?
2
Let f(z) = -5*z**2 - 2*z - 7. Let c be f(-5). Let k = -99 - c. What is the tens digit of k?
2
Let m(d) = 3*d - 7. Let a be m(-2). Let y = -3 - a. What is the tens digit of y?
1
Let d(a) = -31*a + 3. Let n be (-230)/70 + (-4)/(-14). What is the units digit of d(n)?
6
Let z(n) = -5 - n + 2*n**2 - 6 - 8 + 9. What is the tens digit of z(-5)?
4
Suppose -11*q + 66*q = 45705. What is the tens digit of q?
3
Suppose -5*y = 7 - 17. Suppose 0 = -m + 3*m - 5*n + y, 0 = -5*m - 4*n + 61. Let j(z) = 2*z**2 - 10*z - 11. What is the units digit of j(m)?
1
Suppose -33*s + 27*s + 6636 = 0. What is the thousands digit of s?
1
Suppose -4*z + 2*z - 156 = 0. Let l = -362 - -236. Let x = z - l. What is the units digit of x?
8
Let m be (7 - (4 + 0)) + 3. Suppose 89 = m*j - 139. What is the units digit of j?
8
Let o be 42/(-5) + 2/5. What is the tens digit of o/(-20) + (-406)/(-10)?
4
Suppose -y = -5*d - 520, y = -3 + 8. Let c = d - -177. What is the units digit of c?
4
Let b = -46 - -52. Suppose g = -2*g - 4*x + 354, 2*x - b = 0. What is the hundreds digit of g?
1
Let m = 145 + -103. What is the units digit of m/(-4)*40/(-12)?
5
Suppose 684 = -8*k - k. Let o be (-434)/10 + (-6)/(-15). Let f = o - k. What is the tens digit of f?
3
Suppose m = -2*j + 138, 0*j - 3*j = -5*m + 664. Let n = 1 + m. What is the hundreds digit of n?
1
Suppose -16*n - 1630 = -2*z - 15*n, 4 = -n. What is the units digit of z?
3
Let a = -1559 - -2761. What is the units digit of a?
2
Let o(z) = 32*z - 7. Let q be o(6). Suppose -w - 2*k + k = -38, 5*w + 4*k - q = 0. Let x = w + 13. What is the tens digit of x?
4
Let z = -33 + 36. Suppose z*w = -0*w + 276. Suppose 0 = 3*x - 4*f - 218, -x + 3*f - 21 + w = 0. What is the tens digit of x?
7
Let w(f) = -f**2 - 8. Let v be w(8). Let m = v - -241. What is the hundreds digit of m?
1
Let x = 124 - 68. Suppose 3*f - x = -8. What is the units digit of f?
6
Let m be 4/(-12) + (-16)/(-3). Suppose -m*f + 500 = 200. What is the units digit of f?
0
Let u(i) = -2*i**2 + 13*i - 4. Let f be u(6). Suppose -2*b + 4*x + 142 = 0, -5*x = -b - 0*b + 74. Suppose -f*v - b = -5*v. What is the units digit of v?
3
Let c(l) = l**3 + 11*l**2 - 26*l + 3. Let n be c(-13). Suppose -n*m - 4*f = -546, m - 3*f = 2*f + 182. What is the units digit of m?
2
Let l(y) = 9*y**2 + 19*y + 5. What is the tens digit of l(4)?
2
Let q = 119 + -71. What is the tens digit of (32/q)/((-2)/(-111))?
3
Suppose -8*f - 17*f + 14850 = 0. What is the units digit of f?
4
Let g = -250 - -74. Let o = 283 + g. What is the tens digit of o?
0
Suppose 3*h - 4484 = -0*h + d, 7460 = 5*h - 5*d. What is the thousands digit of h?
1
Suppose 0*i = 2*a + i - 27, 2*a = 5*i + 33. Let m = a + -7. Suppose -7*f + m = u - 3*f, -3*u + 4*f = -69. What is the units digit of u?
9
Let r(b) = 2*b**2 - 9*b - 1. Let s be r(5). Suppose 54 = 2*p - 2*d, s*p = 5*p + 4*d - 2. What is the units digit of p?
2
Let a = -149 + 227. Suppose 77*g - a*g + 77 = 0. What is the units digit of g?
7
What is the hundreds digit of -3 + 781 - 6 - 2?
7
Suppose r = 1 + 5. Suppose -2*p = c + 15, 3*c - p + 6 = -4. Let i = r + c. What is the units digit of i?
1
Let z be (-2 + 1 + 28)/((-3)/(-9)). Let q = 9 + -5. Suppose p = q*p - z. What is the units d